{"id":9616,"date":"2023-12-07T18:24:11","date_gmt":"2023-12-07T20:24:11","guid":{"rendered":"https:\/\/dfsinuca.com.br\/loja\/?post_type=product&#038;p=9616"},"modified":"2026-01-21T12:30:36","modified_gmt":"2026-01-21T15:30:36","slug":"mesa-de-pebolim-toto-ravel","status":"publish","type":"product","link":"https:\/\/dfsinuca.com.br\/loja\/produto\/mesa-de-pebolim-toto-ravel\/","title":{"rendered":"MESA DE PEBOLIM (TOTO) &#8211; MODELO RAVEL"},"content":{"rendered":"<p><strong>Tot\u00f3 Ravel<\/strong><br \/>\nCom jogadores em ferro embutido em pintura eletrost\u00e1tica, p\u00e9 nivelador embutido emborrachado de alta ader\u00eancia, sendo a mesa feita tem madeira maci\u00e7a Sucupira.<\/p>\n<p><strong>*ACOMPANHA:*<\/strong><\/p>\n<p>03 bolinhas ref: 70317<\/p>\n<p><strong><span dir=\"auto\" style=\"vertical-align: inherit;\"><span dir=\"auto\" style=\"vertical-align: inherit;\">*MEDIDAS: 1,34 x 0,77 x 0,88 m*<\/span><\/span><\/strong><\/p>\n","protected":false},"excerpt":{"rendered":"<p class=\"\" data-start=\"44\" data-end=\"72\"><strong data-start=\"44\" data-end=\"70\"><span dir=\"auto\" style=\"vertical-align: inherit;\"><span dir=\"auto\" style=\"vertical-align: inherit;\">INFORMA\u00c7\u00c3O IMPORTANTE!<\/span><\/span><\/strong><\/p>\n<p class=\"\" data-start=\"74\" data-end=\"188\">Para esclarecer detalhes sobre frete e o produto, inicie o atendimento clicando no WhatsApp ou ligando para n\u00f3s.<\/p>\n<p class=\"\" data-start=\"190\" data-end=\"216\">Agradecemos a compreens\u00e3o!<\/p>\n<p class=\"\" data-start=\"218\" data-end=\"251\">Atenciosamente,<br data-start=\"233\" data-end=\"236\" \/>DF Sinuca.<\/p>\n","protected":false},"featured_media":10625,"comment_status":"open","ping_status":"closed","template":"","meta":[],"class_list":{"0":"post-9616","1":"product","2":"type-product","3":"status-publish","4":"has-post-thumbnail","6":"product_cat-totobol-aluguel-para-eventos","7":"product_cat-unique","8":"product_cat-unique-unique","9":"product_tag-pembolim","10":"product_tag-toto","11":"product_tag-unique","13":"first","14":"instock","15":"shipping-taxable","16":"product-type-external"},"_links":{"self":[{"href":"https:\/\/dfsinuca.com.br\/loja\/wp-json\/wp\/v2\/product\/9616","targetHints":{"allow":["GET"]}}],"collection":[{"href":"https:\/\/dfsinuca.com.br\/loja\/wp-json\/wp\/v2\/product"}],"about":[{"href":"https:\/\/dfsinuca.com.br\/loja\/wp-json\/wp\/v2\/types\/product"}],"replies":[{"embeddable":true,"href":"https:\/\/dfsinuca.com.br\/loja\/wp-json\/wp\/v2\/comments?post=9616"}],"wp:featuredmedia":[{"embeddable":true,"href":"https:\/\/dfsinuca.com.br\/loja\/wp-json\/wp\/v2\/media\/10625"}],"wp:attachment":[{"href":"https:\/\/dfsinuca.com.br\/loja\/wp-json\/wp\/v2\/media?parent=9616"}],"curies":[{"name":"wp","href":"https:\/\/api.w.org\/{rel}","templated":true}]}}