{"id":7386,"date":"2021-05-29T12:19:18","date_gmt":"2021-05-29T15:19:18","guid":{"rendered":"https:\/\/dfsinuca.com.br\/loja\/?post_type=product&#038;p=7386"},"modified":"2026-02-03T13:58:22","modified_gmt":"2026-02-03T16:58:22","slug":"mesa-de-sinuca-puccini","status":"publish","type":"product","link":"https:\/\/dfsinuca.com.br\/loja\/produto\/mesa-de-sinuca-puccini\/","title":{"rendered":"Mesa de Sinuca Puccini"},"content":{"rendered":"<p>Mesa de sinuca modelo Puccini, com campo (\u00e1rea de jogo) em pedra ard\u00f3sia, tecido acr\u00edlico verde,sistemas de ca\u00e7apas de alum\u00ednio padr\u00e3o comercial, tabelas em madeira maci\u00e7a (sucupira), estrutura revestida em madeira maci\u00e7a (pinus) com p\u00e9s niveladores de alum\u00ednio.<\/p>\n<p><strong>ACESS\u00d3RIOS<\/strong>:<\/p>\n<p>02 tacos virola rista pirografada;<\/p>\n<p>01 jogo de bolas numeradas 50mm s\/faixa;<\/p>\n<p>200g giz branco;<\/p>\n<p>01 duzia de giz azul DF.<\/p>\n<p><strong>MEDIDA EXTERNA<\/strong>: 1,80 X 1,05M<\/p>\n<p><strong>MEDIDA INTERNA:\u00a0<\/strong>: 1,54 X 0,79M<\/p>\n<p><strong>MAIS INFORMA\u00c7OES WHATSAPP 9 9951-4301<\/strong><\/p>\n<p><span style=\"color: #ff0000;\">Entrega gr\u00e1tis em todo o DF, prazo de entrega a combinar.<\/span><\/p>\n","protected":false},"excerpt":{"rendered":"<p>Mesa de sinuca com tampo em pedra ard\u00f3sia, tabelas em madeira maci\u00e7a (sucupira) e acess\u00f3rios.<\/p>\n<p>RS 4.690,00<\/p>\n<p><span style=\"color: #ff0000;\">Devido o c\u00e1lculo do Frete ser necess\u00e1rio mediante alguns detalhes importantes, este produto s\u00f3 pode ser comprado via WhatsApp ou telefone, clique no bot\u00e3o para iniciar o or\u00e7amento.<\/span><\/p>\n<p><span style=\"color: #ff0000;\">Entrega gr\u00e1tis em todo o DF, prazo de entrega a combinar.<\/span><\/p>\n<p>&nbsp;<\/p>\n","protected":false},"featured_media":10732,"comment_status":"open","ping_status":"closed","template":"","meta":[],"class_list":{"0":"post-7386","1":"product","2":"type-product","3":"status-publish","4":"has-post-thumbnail","6":"product_cat-linha-classica","7":"product_cat-sinucas-venda-aluguel-para-eventos","8":"product_cat-puccini","9":"product_cat-sinucas","11":"first","12":"instock","13":"shipping-taxable","14":"product-type-external"},"_links":{"self":[{"href":"https:\/\/dfsinuca.com.br\/loja\/wp-json\/wp\/v2\/product\/7386","targetHints":{"allow":["GET"]}}],"collection":[{"href":"https:\/\/dfsinuca.com.br\/loja\/wp-json\/wp\/v2\/product"}],"about":[{"href":"https:\/\/dfsinuca.com.br\/loja\/wp-json\/wp\/v2\/types\/product"}],"replies":[{"embeddable":true,"href":"https:\/\/dfsinuca.com.br\/loja\/wp-json\/wp\/v2\/comments?post=7386"}],"wp:featuredmedia":[{"embeddable":true,"href":"https:\/\/dfsinuca.com.br\/loja\/wp-json\/wp\/v2\/media\/10732"}],"wp:attachment":[{"href":"https:\/\/dfsinuca.com.br\/loja\/wp-json\/wp\/v2\/media?parent=7386"}],"curies":[{"name":"wp","href":"https:\/\/api.w.org\/{rel}","templated":true}]}}