{"id":6818,"date":"2020-12-18T17:36:17","date_gmt":"2020-12-18T19:36:17","guid":{"rendered":"https:\/\/dfsinuca.com.br\/loja\/?post_type=product&#038;p=6818"},"modified":"2026-03-31T14:03:08","modified_gmt":"2026-03-31T17:03:08","slug":"mesa-de-sinuca-wonder","status":"publish","type":"product","link":"https:\/\/dfsinuca.com.br\/loja\/produto\/mesa-de-sinuca-wonder\/","title":{"rendered":"MESA DE SINUCA WONDER"},"content":{"rendered":"<p data-start=\"287\" data-end=\"736\">Mesa de Sinuca modelo <strong data-start=\"309\" data-end=\"330\">Super Luxo Wonder<\/strong>, com tecido acr\u00edlico <strong data-start=\"352\" data-end=\"369\">azul petr\u00f3leo<\/strong>, tampo em <strong data-start=\"380\" data-end=\"397\">pedra ard\u00f3sia<\/strong> e tabelas com <strong data-start=\"412\" data-end=\"440\">borracha especial lonada<\/strong>, proporcionando excelente desempenho e precis\u00e3o nas jogadas.<br data-start=\"501\" data-end=\"504\" \/>A estrutura \u00e9 revestida em <strong data-start=\"531\" data-end=\"553\">laqueamento branco<\/strong>, com <strong data-start=\"559\" data-end=\"582\">p\u00e9s designer em \u201cZ\u201d<\/strong>, conferindo um visual moderno e sofisticado ao ambiente. Possui ainda <strong data-start=\"653\" data-end=\"694\">p\u00e9s niveladores em alum\u00ednio embutidos<\/strong>, garantindo perfeito alinhamento da mesa.<\/p>\n<hr data-start=\"738\" data-end=\"741\" \/>\n<h3 data-start=\"743\" data-end=\"766\">Acess\u00f3rios Inclusos<\/h3>\n<p data-start=\"768\" data-end=\"820\">06 tacos de 1,45 m, com virola Rista \u2013 Ref.: 71054<\/p>\n<p data-start=\"822\" data-end=\"868\">01 taqueira para 6 tacos em sucupira \u2013 Ref.:<\/p>\n<p data-start=\"870\" data-end=\"910\">01 quadro marcador residencial \u2013 Ref.:<\/p>\n<p data-start=\"912\" data-end=\"990\">01 jogo de bolas numeradas 50 mm, sem faixa, importado (China) \u2013 Ref.: 70795<\/p>\n<p data-start=\"992\" data-end=\"1029\">01 giz azul DF Sinuca \u2013 Ref.: 70428<\/p>\n<p data-start=\"1031\" data-end=\"1068\">01 saco de giz branco \u2013 Ref.: 70294<\/p>\n<p data-start=\"1070\" data-end=\"1097\">01 apagador \u2013 Ref.: 70265<\/p>\n<p data-start=\"1099\" data-end=\"1124\">01 escova \u2013 Ref.: 70409<\/p>\n<hr data-start=\"1126\" data-end=\"1129\" \/>\n<h3 data-start=\"1131\" data-end=\"1170\">Tamanhos Dispon\u00edveis (\u00c1rea Externa)<\/h3>\n<p data-start=\"1172\" data-end=\"1202\"><strong data-start=\"1172\" data-end=\"1184\">Compacto<\/strong><br data-start=\"1184\" data-end=\"1187\" \/>1,80 x 1,05 m<\/p>\n<p data-start=\"1204\" data-end=\"1250\"><strong data-start=\"1204\" data-end=\"1211\">Homer<\/strong><br data-start=\"1211\" data-end=\"1214\" \/>2,13 x 1,25 m\u00a0<br data-start=\"1227\" data-end=\"1230\" \/>ou<br data-start=\"1232\" data-end=\"1235\" \/>2,25 x 1,31 m (<\/p>\n<p data-start=\"1252\" data-end=\"1290\"><strong data-start=\"1252\" data-end=\"1272\">Semi-profissional<\/strong><br data-start=\"1272\" data-end=\"1275\" \/>2,46 x 1,36 m<\/p>\n<hr data-start=\"1292\" data-end=\"1295\" \/>\n<h3 data-start=\"1297\" data-end=\"1324\">Informa\u00e7\u00f5es Importantes<\/h3>\n<p data-start=\"1326\" data-end=\"1367\">O tampo \u00e9 um acess\u00f3rio vendido \u00e0 parte.<\/p>\n<p data-start=\"1369\" data-end=\"1401\">Frete a combinar com o vendedor.<\/p>\n","protected":false},"excerpt":{"rendered":"<p><strong>Mesa de Sinuca, Com Tampo em Pedra Ard\u00f3sia.<\/strong><\/p>\n<p><span style=\"color: #ff0000;\">Devido o c\u00e1lculo do Frete ser necess\u00e1rio mediante alguns detalhes importantes, este produto s\u00f3 pode ser comprado via WhatsApp ou telefone, clique no bot\u00e3o para iniciar o or\u00e7amento.<\/span><\/p>\n","protected":false},"featured_media":10787,"comment_status":"open","ping_status":"closed","template":"","meta":[],"class_list":{"0":"post-6818","1":"product","2":"type-product","3":"status-publish","4":"has-post-thumbnail","6":"product_cat-linha-design","7":"product_cat-sinucas-venda-aluguel-para-eventos","8":"product_cat-sinucas","10":"first","11":"instock","12":"featured","13":"shipping-taxable","14":"product-type-external"},"_links":{"self":[{"href":"https:\/\/dfsinuca.com.br\/loja\/wp-json\/wp\/v2\/product\/6818","targetHints":{"allow":["GET"]}}],"collection":[{"href":"https:\/\/dfsinuca.com.br\/loja\/wp-json\/wp\/v2\/product"}],"about":[{"href":"https:\/\/dfsinuca.com.br\/loja\/wp-json\/wp\/v2\/types\/product"}],"replies":[{"embeddable":true,"href":"https:\/\/dfsinuca.com.br\/loja\/wp-json\/wp\/v2\/comments?post=6818"}],"wp:featuredmedia":[{"embeddable":true,"href":"https:\/\/dfsinuca.com.br\/loja\/wp-json\/wp\/v2\/media\/10787"}],"wp:attachment":[{"href":"https:\/\/dfsinuca.com.br\/loja\/wp-json\/wp\/v2\/media?parent=6818"}],"curies":[{"name":"wp","href":"https:\/\/api.w.org\/{rel}","templated":true}]}}