{"id":6712,"date":"2020-11-19T15:48:15","date_gmt":"2020-11-19T17:48:15","guid":{"rendered":"https:\/\/dfsinuca.com.br\/loja\/?post_type=product&#038;p=6712"},"modified":"2023-12-01T18:53:46","modified_gmt":"2023-12-01T20:53:46","slug":"mesa-de-sinuca-e-jantar-modelo-mozart-white","status":"publish","type":"product","link":"https:\/\/dfsinuca.com.br\/loja\/produto\/mesa-de-sinuca-e-jantar-modelo-mozart-white\/","title":{"rendered":"Mesa de Sinuca e Jantar Modelo Mozart White"},"content":{"rendered":"<p>Mesa de sinuca e jantar modelo Mozart White 2,25 X 1,31 mts com tecido acr\u00edlico preto, verde ou vinho, com tampo em pedra ard\u00f3sia, tabelas em madeira maci\u00e7a (sucupira) com sistema de madre p\u00e9rolas e estrutura em Formica branca.<\/p>\n<p>ACESS\u00d3RIOS:<\/p>\n<p>06 tacos especial cabe\u00e7a de sola<\/p>\n<p>01 taqueira sucupira p\/ 6 tacos<\/p>\n<p>01 quadro marcador sucupira<\/p>\n<p>01 jogo de bolas numeradas 50 s\/ faixa<\/p>\n<p>01 d\u00fazia giz azul DF SINUCA<\/p>\n<p>200g giz branco<\/p>\n<p>01 apagador<\/p>\n<p>01 escova<\/p>\n<p><strong>MEDIDA EXTERNA<\/strong>: 2,25 X 1,31M<\/p>\n<p><strong>MEDIDA INTERNA: 1<\/strong>,99 X 1,05M<\/p>\n<p><strong>MAIS INFORMA\u00c7OES WHATSAPP 9 9951-4301<\/strong><\/p>\n<p>&nbsp;<\/p>\n","protected":false},"excerpt":{"rendered":"<p>Mesa de sinuca e jantar modelo Mozart white com tampo em pedra ard\u00f3sia, tabelas em madeira maci\u00e7a (sucupira).<\/p>\n<p><span style=\"color: #ff0000;\">Devido o c\u00e1lculo do Frete ser necess\u00e1rio mediante alguns detalhes importantes, este produto s\u00f3 pode ser comprado via WhatsApp ou telefone, clique no bot\u00e3o para iniciar o or\u00e7amento.<\/span><\/p>\n","protected":false},"featured_media":7380,"comment_status":"open","ping_status":"closed","template":"","meta":[],"class_list":{"0":"post-6712","1":"product","2":"type-product","3":"status-publish","4":"has-post-thumbnail","6":"product_cat-linha-versatil","7":"product_cat-sinucas-venda-aluguel-para-eventos","8":"product_cat-sinucas","9":"product_tag-mesa-de-sinuca","10":"product_tag-mesa-de-sinuca-e-jantar","11":"product_tag-sinuca","13":"first","14":"instock","15":"shipping-taxable","16":"product-type-external"},"_links":{"self":[{"href":"https:\/\/dfsinuca.com.br\/loja\/wp-json\/wp\/v2\/product\/6712","targetHints":{"allow":["GET"]}}],"collection":[{"href":"https:\/\/dfsinuca.com.br\/loja\/wp-json\/wp\/v2\/product"}],"about":[{"href":"https:\/\/dfsinuca.com.br\/loja\/wp-json\/wp\/v2\/types\/product"}],"replies":[{"embeddable":true,"href":"https:\/\/dfsinuca.com.br\/loja\/wp-json\/wp\/v2\/comments?post=6712"}],"wp:featuredmedia":[{"embeddable":true,"href":"https:\/\/dfsinuca.com.br\/loja\/wp-json\/wp\/v2\/media\/7380"}],"wp:attachment":[{"href":"https:\/\/dfsinuca.com.br\/loja\/wp-json\/wp\/v2\/media?parent=6712"}],"curies":[{"name":"wp","href":"https:\/\/api.w.org\/{rel}","templated":true}]}}