{"id":6137,"date":"2020-05-13T09:37:44","date_gmt":"2020-05-13T12:37:44","guid":{"rendered":"https:\/\/dfsinuca.com.br\/loja\/?post_type=product&#038;p=6137"},"modified":"2023-02-16T16:38:30","modified_gmt":"2023-02-16T18:38:30","slug":"borracha-amortecedora-especial-para-pe-de-taco","status":"publish","type":"product","link":"https:\/\/dfsinuca.com.br\/loja\/produto\/borracha-amortecedora-especial-para-pe-de-taco\/","title":{"rendered":"Borracha amortecedora especial para p\u00e9 de taco"},"content":{"rendered":"","protected":false},"excerpt":{"rendered":"<p>Borracha amortecedora especial para p\u00e9 de taco com excelente absor\u00e7\u00e3o de impacto<\/p>\n","protected":false},"featured_media":6129,"comment_status":"open","ping_status":"closed","template":"","meta":[],"class_list":{"0":"post-6137","1":"product","2":"type-product","3":"status-publish","4":"has-post-thumbnail","6":"product_cat-acessorios-para-sinuca","7":"product_tag-amortecedora","8":"product_tag-borracha","9":"product_tag-pe-de-taco","11":"first","12":"instock","13":"shipping-taxable","14":"purchasable","15":"product-type-simple"},"_links":{"self":[{"href":"https:\/\/dfsinuca.com.br\/loja\/wp-json\/wp\/v2\/product\/6137","targetHints":{"allow":["GET"]}}],"collection":[{"href":"https:\/\/dfsinuca.com.br\/loja\/wp-json\/wp\/v2\/product"}],"about":[{"href":"https:\/\/dfsinuca.com.br\/loja\/wp-json\/wp\/v2\/types\/product"}],"replies":[{"embeddable":true,"href":"https:\/\/dfsinuca.com.br\/loja\/wp-json\/wp\/v2\/comments?post=6137"}],"wp:featuredmedia":[{"embeddable":true,"href":"https:\/\/dfsinuca.com.br\/loja\/wp-json\/wp\/v2\/media\/6129"}],"wp:attachment":[{"href":"https:\/\/dfsinuca.com.br\/loja\/wp-json\/wp\/v2\/media?parent=6137"}],"curies":[{"name":"wp","href":"https:\/\/api.w.org\/{rel}","templated":true}]}}