{"id":6087,"date":"2020-05-09T11:12:39","date_gmt":"2020-05-09T14:12:39","guid":{"rendered":"https:\/\/dfsinuca.com.br\/loja\/?post_type=product&#038;p=6087"},"modified":"2022-10-27T09:55:41","modified_gmt":"2022-10-27T12:55:41","slug":"giz-triangle-azul","status":"publish","type":"product","link":"https:\/\/dfsinuca.com.br\/loja\/produto\/giz-triangle-azul\/","title":{"rendered":"Giz triangle azul Ref: 70898"},"content":{"rendered":"","protected":false},"excerpt":{"rendered":"<p>A marca triangle \u00e9 uma das mais renomadas no Brasil e no mundo. Feita nos Estados Unidos, a triangle tem como principal objetivo a produ\u00e7\u00e3o de produtos de m\u00e1xima qualidade aos seus clientes.<\/p>\n","protected":false},"featured_media":6088,"comment_status":"open","ping_status":"closed","template":"","meta":[],"class_list":{"0":"post-6087","1":"product","2":"type-product","3":"status-publish","4":"has-post-thumbnail","6":"product_cat-giz","7":"product_tag-giz","8":"product_tag-giz-para-taco","9":"product_tag-giz-triangle","11":"first","12":"instock","13":"shipping-taxable","14":"purchasable","15":"product-type-simple"},"_links":{"self":[{"href":"https:\/\/dfsinuca.com.br\/loja\/wp-json\/wp\/v2\/product\/6087","targetHints":{"allow":["GET"]}}],"collection":[{"href":"https:\/\/dfsinuca.com.br\/loja\/wp-json\/wp\/v2\/product"}],"about":[{"href":"https:\/\/dfsinuca.com.br\/loja\/wp-json\/wp\/v2\/types\/product"}],"replies":[{"embeddable":true,"href":"https:\/\/dfsinuca.com.br\/loja\/wp-json\/wp\/v2\/comments?post=6087"}],"wp:featuredmedia":[{"embeddable":true,"href":"https:\/\/dfsinuca.com.br\/loja\/wp-json\/wp\/v2\/media\/6088"}],"wp:attachment":[{"href":"https:\/\/dfsinuca.com.br\/loja\/wp-json\/wp\/v2\/media?parent=6087"}],"curies":[{"name":"wp","href":"https:\/\/api.w.org\/{rel}","templated":true}]}}