{"id":2718,"date":"2016-03-19T14:31:17","date_gmt":"2016-03-19T17:31:17","guid":{"rendered":"https:\/\/demo2.chethemes.com\/electro\/?post_type=product&#038;p=2718"},"modified":"2021-05-02T13:49:48","modified_gmt":"2021-05-02T16:49:48","slug":"mesa-xadrez-sucupira","status":"publish","type":"product","link":"https:\/\/dfsinuca.com.br\/loja\/produto\/mesa-xadrez-sucupira\/","title":{"rendered":"Mesa de Xadrez Sucupira"},"content":{"rendered":"<p>Mesa com 2 gavetas laterais toda feita em madeira de Lei Sucupira ideal para amantes e profissionais de jogos de xadrez e damas.<\/p>\n<p>* Bancos e pe\u00e7as de xadrez e damas s\u00e3o vendidos a parte.<\/p>\n<p><span style=\"color: #ff0000;\"><strong>OBS: Bancos vendidos separadamente.<\/strong><\/span><\/p>\n","protected":false},"excerpt":{"rendered":"<ul>A mesa de xadrez ideal para sua \u00e1rea de lazer.<\/ul>\n<ul>Devido o c\u00e1lculo do Frete ser necess\u00e1rio mediante alguns detalhes importantes, este produto s\u00f3 pode ser comprado via WhatsApp ou telefone, clique no bot\u00e3o para iniciar o or\u00e7amento.<\/ul>\n","protected":false},"featured_media":5345,"comment_status":"open","ping_status":"closed","template":"","meta":[],"class_list":{"0":"post-2718","1":"product","2":"type-product","3":"status-publish","4":"has-post-thumbnail","6":"product_cat-mesas","7":"product_cat-xadrez","9":"first","10":"instock","11":"shipping-taxable","12":"product-type-external"},"_links":{"self":[{"href":"https:\/\/dfsinuca.com.br\/loja\/wp-json\/wp\/v2\/product\/2718","targetHints":{"allow":["GET"]}}],"collection":[{"href":"https:\/\/dfsinuca.com.br\/loja\/wp-json\/wp\/v2\/product"}],"about":[{"href":"https:\/\/dfsinuca.com.br\/loja\/wp-json\/wp\/v2\/types\/product"}],"replies":[{"embeddable":true,"href":"https:\/\/dfsinuca.com.br\/loja\/wp-json\/wp\/v2\/comments?post=2718"}],"wp:featuredmedia":[{"embeddable":true,"href":"https:\/\/dfsinuca.com.br\/loja\/wp-json\/wp\/v2\/media\/5345"}],"wp:attachment":[{"href":"https:\/\/dfsinuca.com.br\/loja\/wp-json\/wp\/v2\/media?parent=2718"}],"curies":[{"name":"wp","href":"https:\/\/api.w.org\/{rel}","templated":true}]}}