{"id":5456,"date":"2020-03-13T16:10:38","date_gmt":"2020-03-13T19:10:38","guid":{"rendered":"https:\/\/dfsinuca.com.br\/loja\/?page_id=5456"},"modified":"2020-03-16T15:56:55","modified_gmt":"2020-03-16T18:56:55","slug":"politicas-de-privacidade","status":"publish","type":"page","link":"https:\/\/dfsinuca.com.br\/loja\/politicas-de-privacidade\/","title":{"rendered":"Pol\u00edticas de Privacidade"},"content":{"rendered":"<p>[vc_section][vc_row][vc_column][vc_column_text]Para fazer compras na\u00a0<strong>DF Sinuca\u00a0<\/strong>tudo \u00e9 bastante facilitado, voc\u00ea navega em nosso site como em uma loja normal.<\/p>\n<p>Fique \u00e0 vontade em ver nossos produtos, promo\u00e7\u00f5es, lan\u00e7amentos; visite nossas se\u00e7\u00f5es e tenha total liberdade em saber mais sobre cada item que est\u00e1 em nossa vitrine.<\/p>\n<p>Para as compras online ou para saber mais sobre determinado produto clique sobre a imagem do produto ou no link &#8220;Mais detalhes&#8221; para ir \u00e0 p\u00e1gina de detalhes.<\/p>\n<p>Para comprar, clique no\u00a0<strong>bot\u00e3o comprar<\/strong>, depois disso verifique em seu carrinho a quantidade desejada. N\u00e3o se preocupe, que todo o processo de compra \u00e9 guiado em passos, com as informa\u00e7\u00f5es necess\u00e1rias para sua efetiva\u00e7\u00e3o.<\/p>\n<p>A Loja possui uma s\u00e9rie de links e informa\u00e7\u00f5es \u00fateis &#8211; navegue por tudo.<\/p>\n<p>Voc\u00ea \u00e9 muito bem vindo em nossa Loja.<\/p>\n<p><strong>Compra de mesas oficiais<\/strong><\/p>\n<p>As mesas de sinuca oficiais devem ser montadas por pessoal especializado indicado pela DF Sinuca.<\/p>\n<p>Antes de comprar uma mesa oficial entre em\u00a0<a href=\"http:\/\/www.lojistaonline.com.br\/b2c\/loja\/Contato.do?action=enviarForm&amp;idLoja=31\">contato<\/a>\u00a0conosco para obter informa\u00e7\u00f5es sobre os custos de montagem em sua localidade.<\/p>\n<p><strong>Entrega<\/strong><\/p>\n<p>Garantimos a entrega dos produtos em sua casa no prazo estipulado, com a seguran\u00e7a e economia que voc\u00ea merece.<\/p>\n<p>No fechamento dos pedidos, nosso sistema calcula automaticamente as forma de envio e frete. Este c\u00e1lculo \u00e9 baseado no peso da mercadoria, local da entrega e valor do pedido.<\/p>\n<p>Voc\u00ea pode escolher entre:<\/p>\n<ul>\n<li><strong>Motoboy<\/strong><br \/>\nApenas para clientes do DF e entorno.<br \/>\nEncomendas de at\u00e9 20kg.<br \/>\nEntrega em 1 dia \u00fatil.<\/li>\n<li><strong>SEDEX<\/strong><br \/>\nTodo o Brasil.<br \/>\nEncomendas de at\u00e9 30kg.<br \/>\nEntrega em at\u00e9 5 dias \u00fateis.<\/li>\n<li><strong>Encomenda normal<\/strong>\u00a0(dos Correios)<br \/>\nTodo o Brasil.<br \/>\nEncomendas de at\u00e9 30kg.<br \/>\nEntrega em at\u00e9 15 dias \u00fateis.<\/li>\n<li><strong>Entrega local no DF e entorno<\/strong><br \/>\nApenas para clientes do DF e entorno.<br \/>\nEncomendas acima de 30kg.<br \/>\nPrazo de entrega de acordo com o produto.<\/li>\n<li><strong>Transportadora a cobrar<\/strong><br \/>\nTodo o Brasil.<br \/>\nForma de envio para as mesas e pedidos com mais de 30kg.<br \/>\nO frete ser\u00e1 cobrado pela transportadora no ato da entrega. Escolheremos a transportadora mais adequada \u00e0 sua localidade, ou voc\u00ea poder\u00e1 indicar a transportadora de sua prefer\u00eancia. Entraremos em contato para acertar os detalhes do envio.<\/li>\n<\/ul>\n<p><strong>Pagamento<\/strong><\/p>\n<p>Em nossa loja, oferecemos as seguintes formas de pagamento:<\/p>\n<p><strong>Boleto Banc\u00e1rio<\/strong><\/p>\n<p>Escolhendo esta forma de pagamento, o sistema emite automaticamente um boleto Banc\u00e1rio.<\/p>\n<p>O boleto dever\u00e1 ser pago em at\u00e9 7 dias, sendo o pedido cancelado se o pagamento n\u00e3o for efetuado neste per\u00edodo.<\/p>\n<p>\u00c9 poss\u00edvel a emiss\u00e3o de uma segunda via do boleto, caso este ainda esteja dentro do prazo de validade.<br \/>\nO pedido s\u00f3 ser\u00e1 enviado ap\u00f3s comprova\u00e7\u00e3o de pagamento pelo Banco do Brasil.<\/p>\n<p><strong>Dep\u00f3sito banc\u00e1rio<\/strong><\/p>\n<p>O pagamento dever\u00e1 ser feito atrav\u00e9s de dep\u00f3sito banc\u00e1rio na conta corrente da loja. Feito o dep\u00f3sito, o cliente dever\u00e1 confirm\u00e1-lo atrav\u00e9s da p\u00e1gina &#8220;Contato&#8221;, informando o n\u00famero do pedido. A\u00ed ent\u00e3o o pedido ser\u00e1 liberado. Os dados para dep\u00f3sito ser\u00e3o apresentados durante o fechamento do pedido e no e-mail de confirma\u00e7\u00e3o do pedido. Podem tamb\u00e9m ser consultados junto ao pedido no link &#8220;Minha conta&#8221;.<\/p>\n<p><strong>D\u00e9bito em conta do BB<\/strong><\/p>\n<p>O sistema o encaminhar\u00e1 automaticamente ao ambiente do Banco do Brasil onde voc\u00ea poder\u00e1 autorizar o pagamento utilizando sua senha de home banking. Ap\u00f3s a conclus\u00e3o do pagamento clique em &#8220;Continuar&#8221; para fechar o pedido.<\/p>\n<p><strong>Cart\u00e3o de cr\u00e9dito VISA<\/strong><\/p>\n<p>Escolhendo esta forma de pagamento, o sistema remete a efetiva\u00e7\u00e3o do pagamento ao site da VISANET, em ambiente seguro.<\/p>\n<p>O sistema entrar\u00e1 em contato automaticamente com a administradora do cart\u00e3o para obter autoriza\u00e7\u00e3o e ap\u00f3s isso seu pedido estar\u00e1 confirmado e liberado.<\/p>\n<p><strong>Cart\u00e3o de d\u00e9bito Visa Electron (Bradesco)<\/strong><\/p>\n<p>Dispon\u00edvel no momento apenas para cart\u00f5es emitidos pelo Bradesco. Escolhendo esta forma de pagamento voc\u00ea ser\u00e1 encaminhado para o site da Visanet onde poder\u00e1 autorizar o d\u00e9bito.<\/p>\n<p><strong>Contra entrega em dinheiro<\/strong><\/p>\n<p>Esta forma de pagamento est\u00e1 dispon\u00edvel apenas para clientes do DF e entorno que optarem pelo envio por Motoboy (contra entrega).<\/p>\n<p><strong>Garantias<\/strong><\/p>\n<p>Nossos produtos t\u00eam suas garantias asseguradas pelos fabricantes, distribuidores e importadores, onde os prazos de garantia diferem entre produto, de acordo com cada fabricante.<\/p>\n<p>Necessitando de qualquer orienta\u00e7\u00e3o na utiliza\u00e7\u00e3o de sua garantia, entre em contato conosco.<\/p>\n<p><strong>Seguran\u00e7a e privacidade<\/strong><\/p>\n<p>Seus dados pessoais e banc\u00e1rios n\u00e3o ser\u00e3o, em hip\u00f3tese alguma, utilizados para outros fins que n\u00e3o o de propiciar a compra de mercadorias em nossa loja.<\/p>\n<p>Todo o tr\u00e1fego de dados pessoais \u00e9 realizado em ambiente seguro, com certificado digital e criptografia dos dados.<\/p>\n<p><strong>Cancelamentos, devolu\u00e7\u00f5es e reembolsos<\/strong><\/p>\n<p>No caso do produto j\u00e1 ter sido remetido, solicitamos que seja justificado o motivo da devolu\u00e7\u00e3o. Em caso de aceita\u00e7\u00e3o da devolu\u00e7\u00e3o, a mesma seja realizada com o produto em sua embalagem inviolada, e o valor pago pelo frete n\u00e3o ser\u00e1 incluso no reembolso.<\/p>\n<p>Caso algum produto tenha sido enviado por engano ou trocado, devolva-o ap\u00f3s avisar-nos por e-mail ou telefone. Comprovada a nossa falha, faremos a troca do produto pelo produto correto e faremos o reembolso de provenientes dispesas adicionais.<\/p>\n<p>Se voc\u00ea ainda tem alguma d\u00favida quanto ao funcionamento de nossa Loja Virtual ou deseja mais informa\u00e7\u00f5es sobre algum produto, entre em contato conosco.<\/p>\n<p>[\/vc_column_text][\/vc_column][\/vc_row][\/vc_section]<\/p>\n","protected":false},"excerpt":{"rendered":"<p>[vc_section][vc_row][vc_column][vc_column_text]Para fazer compras na\u00a0DF Sinuca\u00a0tudo \u00e9 bastante facilitado, voc\u00ea navega em nosso site como em uma loja normal. Fique \u00e0 vontade em ver nossos produtos, promo\u00e7\u00f5es, lan\u00e7amentos; visite nossas se\u00e7\u00f5es<\/p>\n","protected":false},"author":1,"featured_media":0,"parent":0,"menu_order":0,"comment_status":"closed","ping_status":"closed","template":"","meta":{"footnotes":""},"class_list":["post-5456","page","type-page","status-publish","hentry"],"_links":{"self":[{"href":"https:\/\/dfsinuca.com.br\/loja\/wp-json\/wp\/v2\/pages\/5456","targetHints":{"allow":["GET"]}}],"collection":[{"href":"https:\/\/dfsinuca.com.br\/loja\/wp-json\/wp\/v2\/pages"}],"about":[{"href":"https:\/\/dfsinuca.com.br\/loja\/wp-json\/wp\/v2\/types\/page"}],"author":[{"embeddable":true,"href":"https:\/\/dfsinuca.com.br\/loja\/wp-json\/wp\/v2\/users\/1"}],"replies":[{"embeddable":true,"href":"https:\/\/dfsinuca.com.br\/loja\/wp-json\/wp\/v2\/comments?post=5456"}],"version-history":[{"count":2,"href":"https:\/\/dfsinuca.com.br\/loja\/wp-json\/wp\/v2\/pages\/5456\/revisions"}],"predecessor-version":[{"id":5530,"href":"https:\/\/dfsinuca.com.br\/loja\/wp-json\/wp\/v2\/pages\/5456\/revisions\/5530"}],"wp:attachment":[{"href":"https:\/\/dfsinuca.com.br\/loja\/wp-json\/wp\/v2\/media?parent=5456"}],"curies":[{"name":"wp","href":"https:\/\/api.w.org\/{rel}","templated":true}]}}